dreds digit of 3676?
6
What is the tens digit of 157?
5
What is the units digit of 4132?
2
What is the units digit of 7204?
4
What is the tens digit of 90968?
6
What is the thousands digit of 48110?
8
What is the ten thousands digit of 33611?
3
What is the thousands digit of 3894?
3
What is the hundreds digit of 5880?
8
What is the units digit of 23212?
2
What is the units digit of 6084?
4
What is the tens digit of 5849?
4
What is the tens digit of 5345?
4
What is the tens digit of 19?
1
What is the thousands digit of 1706?
1
What is the ten thousands digit of 20500?
2
What is the units digit of 31970?
0
What is the tens digit of 3078?
7
What is the hundreds digit of 248?
2
What is the tens digit of 6335?
3
What is the ten thousands digit of 12178?
1
What is the hundreds digit of 12070?
0
What is the units digit of 5643?
3
What is the units digit of 15928?
8
What is the tens digit of 72?
7
What is the hundreds digit of 787?
7
What is the ten thousands digit of 87061?
8
What is the hundreds digit of 27755?
7
What is the tens digit of 22540?
4
What is the units digit of 28?
8
What is the units digit of 6929?
9
What is the tens digit of 19220?
2
What is the units digit of 2920?
0
What is the units digit of 61746?
6
What is the ten thousands digit of 16351?
1
What is the hundreds digit of 1015?
0
What is the units digit of 592?
2
What is the thousands digit of 87803?
7
What is the units digit of 9019?
9
What is the units digit of 7941?
1
What is the hundreds digit of 16812?
8
What is the hundreds digit of 6944?
9
What is the units digit of 14067?
7
What is the hundreds digit of 37597?
5
What is the units digit of 17845?
5
What is the tens digit of 111557?
5
What is the units digit of 285?
5
What is the units digit of 717?
7
What is the ten thousands digit of 69831?
6
What is the thousands digit of 80352?
0
What is the units digit of 573?
3
What is the units digit of 4236?
6
What is the hundreds digit of 31477?
4
What is the units digit of 5643?
3
What is the units digit of 12191?
1
What is the hundreds digit of 32570?
5
What is the tens digit of 271?
7
What is the thousands digit of 9241?
9
What is the units digit of 1237?
7
What is the thousands digit of 2149?
2
What is the tens digit of 631?
3
What is the tens digit of 5748?
4
What is the thousands digit of 22390?
2
What is the tens digit of 30155?
5
What is the units digit of 18727?
7
What is the thousands digit of 2219?
2
What is the units digit of 30639?
9
What is the hundreds digit of 67981?
9
What is the units digit of 20334?
4
What is the units digit of 79042?
2
What is the thousands digit of 17266?
7
What is the tens digit of 3590?
9
What is the ten thousands digit of 63489?
6
What is the hundreds digit of 3712?
7
What is the tens digit of 17806?
0
What is the tens digit of 3201?
0
What is the units digit of 7351?
1
What is the tens digit of 219?
1
What is the tens digit of 206?
0
What is the hundreds digit of 47924?
9
What is the units digit of 13453?
3
What is the thousands digit of 1236?
1
What is the hundreds digit of 1231?
2
What is the units digit of 2760?
0
What is the hundreds digit of 2288?
2
What is the units digit of 444?
4
What is the hundreds digit of 20564?
5
What is the tens digit of 2261?
6
What is the hundreds digit of 1305?
3
What is the hundreds digit of 37120?
1
What is the thousands digit of 3567?
3
What is the tens digit of 3075?
7
What is the units digit of 12607?
7
What is the units digit of 1735?
5
What is the hundreds digit of 2550?
5
What is the thousands digit of 5557?
5
What is the tens digit of 5175?
7
What is the units digit of 755?
5
What is the units digit of 24534?
4
What is the hundreds digit of 392?
3
What is the ten thousands digit of 20087?
2
What is the hundreds digit of 4658?
6
What is the hundreds digit of 609?
6
What is the thousands digit of 15544?
5
What is the units digit of 379?
9
What is the units digit of 2026?
6
What is the thousands digit of 180388?
0
What is the tens digit of 1058?
5
What is the tens digit of 91?
9
What is the hundreds digit of 2079?
0
What is the thousands digit of 28163?
8
What is the units digit of 1579?
9
What is the tens digit of 2260?
6
What is the hundreds digit of 797?
7
What is the thousands digit of 10013?
0
What is the hundreds digit of 10002?
0
What is the units digit of 3719?
9
What is the units digit of 17674?
4
What is the hundreds digit of 27215?
2
What is the tens digit of 2710?
1
What is the tens digit of 2498?
9
What is the hundreds digit of 3819?
8
What is the units digit of 1607?
7
What is the tens digit of 62686?
8
What is the tens digit of 6583?
8
What is the hundreds digit of 1144?
1
What is the hundreds digit of 4853?
8
What is the thousands digit of 117896?
7
What is the units digit of 22181?
1
What is the units digit of 2726?
6
What is the thousands digit of 3095?
3
What is the hundreds digit of 2204?
2
What is the units digit of 4322?
2
What is the tens digit of 4012?
1
What is the tens digit of 2029?
2
What is the thousands digit of 34397?
4
What is the units digit of 29508?
8
What is the tens digit of 9378?
7
What is the ten thousands digit of 58706?
5
What is the units digit of 3589?
9
What is the hundreds digit of 78892?
8
What is the thousands digit of 4623?
4
What is the tens digit of 359?
5
What is the ten thousands digit of 16344?
1
What is the units digit of 479?
9
What is the hundreds digit of 5537?
5
What is the thousands digit of 4239?
4
What is the thousands digit of 4049?
4
What is the thousands digit of 6191?
6
What is the ten thousands digit of 144597?
4
What is the tens digit of 9952?
5
What is the tens digit of 35557?
5
What is the units digit of 2874?
4
What is the tens digit of 36726?
2
What is the tens digit of 53?
5
What is the hundreds digit of 6795?
7
What is the units digit of 43838?
8
What is the tens digit of 151?
5
What is the units digit of 10984?
4
What is the units digit of 30843?
3
What is the tens digit of 52406?
0
What is the thousands digit of 1090?
1
What is the ten thousands digit of 86266?
8
What is the thousands digit of 89763?
9
What is the hundreds digit of 6561?
5
What is the units digit of 4485?
5
What is the units digit of 9004?
4
What is the tens digit of 6568?
6
What is the units digit of 100336?
6
What is the hundreds digit of 932?
9
What is the thousands digit of 8212?
8
What is the units digit of 3345?
5
What is the units digit of 9297?
7
What is the hundreds digit of 19787?
7
What is the thousands digit of 4226?
4
What is the hundreds digit of 10861?
8
What is the units digit of 2405?
5
What is the tens digit of 5761?
6
What is the tens digit of 16296?
9
What is the hundred thousands digit of 109640?
1
What is the tens digit of 16495?
9
What is the units digit of 17678?
8
What is the thousands digit of 9686?
9
What is the thousands digit of 14154?
4
What is the hundreds digit of 4600?
6
What is the thousands digit of 1522?
1
What is the units digit of 1098?
8
What is the units digit of 9654?
4
What is the thousands digit of 2062?
2
What is the hundreds digit of 227?
2
What is the units digit of 3921?
1
What is the units digit of 29146?
6
What is the tens digit of 4913?
1
What is the units digit of 124759?
9
What is the hundreds digit of 1720?
7
What is the tens digit of 41446?
4
What is the units digit of 88982?
2
What is the tens digit of 1003?
0
What is the tens digit of 124?
2
What is the thousands digit of 1737?
1
What is the thousands digit of 3541?
3
What is the thousands digit of 4882?
4
What is the hundreds digit of 7850?
8
What is the tens digit of 40033?
3
What is the tens digit of 1571?
7
What is the units digit of 10136?
6
What is the hundreds digit of 28273?
2
What is the tens digit of 196?
9
What is the ten thousands digit of 27443?
2
What is the tens digit of 316?
1
What is the tens digit of 26?
2
What is the tens digit of 1361?
6
What is the tens digit of 2534?
3
What is the hundreds digit of 986?
9
What is the hundreds digit of 31350?
3
What is the ten thousands digit of 109267?
0
What is the hundreds digit of 2620?
6
What is the ten thousands digit of 81131?
8
What is the tens digit of 3968?
6
What is the hundreds digit of 9795?
7
What is the units digit of 1468?
8
What is the ten thousands digit of 15307?
1
What is the th